 be 10376/6 - (-74)/(-777)*-7. Calculate the greatest common divisor of 60 and x.
10
Suppose -193*t + 175*t + 72 = 0. What is the highest common divisor of t and 678?
2
Let c(d) = -d**2 - 10*d + 18. Let r be c(-11). Let i = 4 + r. What is the greatest common divisor of i and 176?
11
Suppose 69440 = 826*l - 746*l. Calculate the highest common divisor of l and 112.
28
Let o be (5 + (-9)/(-9))/(3/2). Let u be (1/o)/(-1) + 225/4. Calculate the highest common divisor of u and 7.
7
Let c be 398/3*288/(-64). Let q be c/(-15) + (7 - (-34)/(-5)). Calculate the greatest common divisor of 72 and q.
8
Let n be 30/(-18)*(-9 + 0). Suppose k - 4*c - n = -c, -5*k - 5*c = 5. Let o be (k - 1)/(2 + 0). What is the highest common divisor of o and 9?
1
Suppose 2*w + 3*t - 83 = 4*t, 2*w + 3*t - 87 = 0. Let p be ((-3 - -2) + 243/(-135))*-10. What is the greatest common factor of w and p?
14
Suppose -6*o + 37*o = 88877. Calculate the greatest common factor of o and 1403.
61
Suppose 11*y - 4*y = 16*y - 135. Calculate the greatest common factor of 3615 and y.
15
Let o(f) = 217*f**2 - 10*f - 10. Let m be o(-1). Suppose 67*k = 60*k + m. Calculate the highest common factor of k and 31.
31
Suppose -5*g - 2*n + 614 = 0, g + 0*g + 3*n - 115 = 0. Suppose 145*d - 150*d = -155. Calculate the greatest common divisor of g and d.
31
Suppose -5*f = -5*d + 585, 3*d - 123 = 2*d - f. Let i = -209095 - -209305. Calculate the highest common factor of i and d.
30
Let k = 658 - -1043. Calculate the greatest common factor of 63 and k.
63
Let n(u) = 129*u - 4059. Let q be n(33). What is the greatest common factor of q and 1692?
18
Let r(h) = h**3 - 29*h**2 + 23*h - 499. Let u be r(29). What is the highest common divisor of 1701 and u?
21
Suppose 288 = -4*d - 5*d. Let w be (-2)/(-2) + (-4)/d*8. Suppose 0 = -4*k + 5*m + 108, -55 = -3*k + w*m + 26. What is the highest common divisor of k and 54?
27
Let s(v) = 9*v**3 - 2*v**2 - 2*v + 1. Let r be s(-1). Let z(q) = q**3 + 12*q**2 + 4*q - 11. Let c be z(r). What is the highest common factor of 71 and c?
71
Let a be -3*12/18 + (1 - -23). Let o be 84/a + 26/143. Suppose -j = -o*f - 4*j + 56, 4*j - 1 = -f. Calculate the greatest common divisor of f and 153.
17
Suppose 0 = -28*l + 39*l - 33. Let d be (l - 7) + -2 + 36. What is the highest common divisor of d and 80?
10
Suppose -80*r + 59*r + 292 + 1472 = 0. Calculate the highest common factor of r and 252.
84
Suppose 3*s - 3860 = -4*x, 3*x - 8*s = -7*s + 2908. Calculate the greatest common factor of 248 and x.
8
Suppose -4*d - 2686 + 8506 = v, 4*v - 7264 = -5*d. Calculate the highest common factor of 1008 and d.
112
Let q = 15 + -6. Suppose -2*i + 24 = -4*y, i = -0*i - 4*y - 18. Suppose -4*j - i*j = -6. Calculate the highest common factor of q and j.
1
Suppose -6 = 4*m - 2*b, -4*b + 19 = -2*m + 7. Suppose m = 3*v + 4*v - 126. Calculate the highest common factor of 522 and v.
18
Suppose 2*s - 1280 = -2*s. Suppose -19*q + 140 + 33 + 17 = 0. Calculate the greatest common factor of q and s.
10
Suppose 6*o - 10*o = -344. Suppose 2*n + o = 4*x - 52, -96 = -3*x - n. Let k = 256 + -212. Calculate the highest common factor of k and x.
11
Let w(m) = -m**2 + 29*m - 96. Let p be w(6). Calculate the highest common divisor of p and 8358.
42
Let l(c) = 15*c + 26. Let p be l(19). Suppose -660 = p*r - 315*r. Calculate the highest common divisor of r and 110.
55
Let q(r) = 6*r - 36. Let o be q(10). Let z be o + (-7 - -11) - (1 - -1). What is the highest common divisor of z and 299?
13
Let l = -2853 - -2892. What is the highest common divisor of l and 221?
13
Let u(o) = 32*o**2 + 109*o - 209. Let c be u(-6). Calculate the greatest common factor of 272 and c.
17
Let u(w) = 2*w + 20. Let n be u(-5). Suppose -13*j + 15*j = n. Let g(m) = 4*m + 19. Let y be g(j). What is the highest common divisor of y and 351?
39
Let h = -9996 + 12115. Calculate the greatest common factor of 117 and h.
13
Suppose 8780 + 2242 = 13*c - 6775. Calculate the greatest common factor of 407 and c.
37
Suppose 11852*v = 11695*v + 2355. Let c(l) = l - 3. Let q be c(7). Suppose 0 = -5*j, 0*j - 12 = -4*h + q*j. What is the greatest common factor of h and v?
3
Let i = 3008 + -2546. Calculate the highest common divisor of 616 and i.
154
Suppose 0 = 3*b + 15, -2*x + 104 = -4*b - 12. Calculate the highest common factor of 267 and x.
3
Suppose 3*h - 177 = -2*f - 51, 2*h + 136 = 2*f. Suppose -210*r = -204*r - f. Calculate the highest common factor of 44 and r.
11
Let q(g) = g**2 + 17*g + 38. Let m(z) = -2*z + 10. Let y be m(15). Let w be q(y). What is the highest common factor of w and 28?
14
Let g(u) = 2*u**2 + 4*u - 11. Let m(z) = z**3 + 7*z**2 + z - 7. Let i be m(-7). Let a be g(i). Calculate the greatest common divisor of 100 and a.
25
Suppose 3*t = -4*v + 2, -t - 2*v - 12 = -6*t. Suppose n - 170 = t*u, 4*n + 0*n = 3*u + 705. What is the greatest common divisor of n and 54?
18
Suppose 4*l - 24072 = -3*h, -l - 2*l - 2*h = -18054. Suppose -11*m + l = -5*m. What is the greatest common divisor of m and 17?
17
Let g = -11427 + 5037. Let i be g/(-80) - 1/(-8)*1. What is the highest common divisor of i and 40?
40
Suppose 0 = -2*f + z + 200, -4*f = 20*z - 16*z - 376. Let p = 82 + f. Calculate the highest common divisor of 36 and p.
36
Let v be ((-8)/7)/(-4) - (-825)/175. Calculate the greatest common divisor of v and 27.
1
Let y = -48 - -23. Let q be (-3)/5 - 5265/y. Suppose 0 = -4*w + 9*w - q. What is the greatest common divisor of w and 12?
6
Let v be (4 - -79 - 5) + 2. Let t = -65 - -18. Let h = t + v. Calculate the highest common factor of h and 3.
3
Let v(w) = 3*w**2 - 117*w + 50. Let s be v(39). Let y(h) = 72*h - 16. Let p be y(3). Calculate the highest common factor of s and p.
50
Suppose 332*b - 327*b + 15 = 0, -5*r - b = -12. What is the highest common factor of r and 87?
3
Let o = -92 + 94. Suppose o*w - 77 = -63. Calculate the highest common divisor of 63 and w.
7
Let d(f) = -241*f + 1502. Let w be d(6). Calculate the highest common divisor of 252 and w.
28
Suppose 3*m = 82*k - 80*k - 5218, m = -3*k + 7860. What is the highest common divisor of 238 and k?
238
Suppose -2*q + 3866 + 2730 = 2*a, -q + a + 3294 = 0. Calculate the highest common divisor of 32 and q.
32
Suppose 15*o + 1221 = 26*o. Suppose 2*m + 32 = 106. What is the highest common divisor of m and o?
37
Suppose 4*j + 37 = 57. Let k be (5 + -2 + 2)/(23 + -22). What is the greatest common factor of k and j?
5
Suppose -g - 2 = 3*u - 7, -g + 1 = u. Suppose -6*p = -506 + u. What is the greatest common divisor of p and 546?
42
Let o(l) = l**3 + 3*l**2 - 2*l - 4. Let y be o(-1). Suppose y = 4*k - 10*k + 1482. Calculate the greatest common divisor of k and 13.
13
Suppose 5647 - 1208 = 295*v - 5591. Calculate the greatest common divisor of v and 14416.
34
Let c be ((-50)/35)/((-2)/(6 - -22)). Calculate the highest common divisor of 625 and c.
5
Suppose 4*a + 3*p = 203, -44*a + 47*a + 2*p = 154. What is the highest common divisor of 1883 and a?
7
Let f = -1023 + 2866. Suppose y + 1810 = f. Suppose -4*c - 2*n + 76 = -2*c, -5*c = 4*n - 185. What is the greatest common divisor of y and c?
33
Suppose 0 = l + 5*z + 22, l - 19 = 3*l + 5*z. Let d be (-8)/(-1) - (4 + -3). Suppose d*n - 3 = 6*n. Calculate the highest common factor of n and l.
3
Let i be 2308/21 - 68/(-714). Suppose 85 + i = 5*o. Calculate the greatest common factor of o and 52.
13
Let o be (-21)/(693/220)*339/(-4). What is the highest common factor of 1469 and o?
113
Let r = -378 + 363. Let w(v) = v**2 + 15*v + 32. Let c be w(r). What is the greatest common factor of 368 and c?
16
Let i(z) = 22*z + 309. Let k be i(68). What is the highest common divisor of 380 and k?
95
Let u(o) = -2*o**3 - 6*o**2 - 5*o - 7. Suppose b = 5*j + 21, -3*j - 5 = -2*j. Let g be u(b). Let p = -9 + g. Calculate the highest common divisor of p and 324.
36
Let v = -333 + 339. Suppose 3*q - 475 = -5*t, -v*t + 3*q = -2*t - 407. What is the greatest common divisor of t and 147?
49
Let w be (213/(-284) + (-2 - 14/(-8)))*-98. Calculate the highest common divisor of 119 and w.
7
Let h be ((-336)/(-14))/6 + 6. What is the greatest common factor of h and 225?
5
Suppose -4*l - 10 = -p, 0 = 4*l - 4*p - 2 + 6. Let u(j) = -27*j - 32. Let m be u(l). Calculate the greatest common